git of 24 + 3344440/70 - (-2)/7?
4
Let i be (2 - (-12)/7) + 18/63. Suppose -5*h = 16*a - 13*a - 2344, -i*a - 4*h + 3128 = 0. What is the hundreds digit of a?
7
Suppose -52*w = 154*w - 10222956. What is the hundreds digit of w?
6
Suppose -9*v + 13*v - 9176 = 0. Suppose b + 14 = v. What is the units digit of b/54 + (-4)/18?
2
Let a = -67 - -66. Let g be 0 - 4 - (160 - 2/a). Let w = 367 + g. What is the units digit of w?
1
Let g = -15320 + 18263. What is the units digit of g?
3
What is the thousands digit of 20590/(-15)*10*(9 + 48/(-4))?
1
Let h(k) = -7*k**3 + k**2. Suppose -6*q + 15 = -q - 5*g, 0 = -2*q - 2*g - 10. Let i be h(q). Suppose -i*u = 3*u - 682. What is the tens digit of u?
6
Suppose -8 = -4*t, 5*o - 2*t = -t + 18. Suppose -o*r + 6*q - 2*q - 180 = 0, 0 = 2*q. Let y = -37 - r. What is the units digit of y?
8
Suppose 2*o - 3*j - 3047 = 8918, -3*j = o - 5987. Suppose 10*z - o = -z. What is the tens digit of z?
4
Suppose 3*y = 47 - 38. Suppose a + a - 2*s + 6 = 0, 0 = 4*a - y*s + 7. Suppose 15 - 43 = -h - 3*z, a*z = 5*h - 72. What is the tens digit of h?
1
Let f(h) = -3*h**3 - 3*h**2 + h. Let n be f(1). What is the hundreds digit of (-1)/15*-3*n + 587?
5
Suppose -o = -5*c + c - 60, 4*c = 2*o - 100. Let j be 0 + 442/5 + 20/(-50). Let p = o + j. What is the hundreds digit of p?
1
Let u(l) be the second derivative of l**4/12 - 7*l**3/6 + 31*l**2/2 + 13*l. Let t = 56 + -42. What is the hundreds digit of u(t)?
1
Suppose 125*t = 128*t - 36759. What is the hundreds digit of t?
2
Let a be 1*-1 - (-5 - 0). Let s(p) = -p**3 - 38*p**2 - 59*p + 470. Let q be s(-36). Suppose -2*g + 6*g = a, 3*g = q*j - 113. What is the units digit of j?
8
Let f(s) = s**3 - 5*s**2 + 5*s - 10. Let r be f(4). Let d be (-321)/r + -1 + (-1)/(-2). Let n = d + -49. What is the units digit of n?
4
Let h = -7600 - -77290. What is the hundreds digit of h?
6
Let d(o) = 2437*o**2 + 174*o + 352. What is the units digit of d(-2)?
2
Let y be -4 + ((-151)/(-5) - 10/50). Let c(p) = p**3 - 26*p**2 + 18*p - 5. What is the tens digit of c(y)?
6
Suppose 16*p - 30*p = -266. Let a = 87 + p. What is the tens digit of a?
0
Let i(j) = j**2 - 2*j - 1. Let s(k) = -18*k**2 + 11*k + 18. Let h(w) = -4*i(w) - s(w). What is the units digit of h(5)?
1
Let z(f) = -64*f - 6 + f**2 + 48*f - 5. Let u = -12 - -29. What is the units digit of z(u)?
6
Let o(j) = 3*j**3 + 20*j**2 - 8*j + 266. What is the tens digit of o(17)?
4
Suppose 51*l + 37378 = 53*l - f, -5*l - 3*f + 93445 = 0. What is the hundreds digit of l?
6
Let u = 4176 - -19194. What is the thousands digit of u?
3
Let n(a) = -5*a**3 - 25*a**2 - 26*a - 18. Let o(v) = -6*v**3 - 26*v**2 - 25*v - 17. Let z(h) = -7*n(h) + 6*o(h). What is the tens digit of z(15)?
0
Let v = 4 + 1. Suppose 0 = -q - v*q - 48. What is the tens digit of (8 - 20)*42/q?
6
What is the thousands digit of (5/15 + (-98)/105)*23410/(-2)?
7
Let t(d) = -3*d**2 - 3*d - 2. Let q be t(-5). Suppose 87 = -11*v + 8*v - 4*i, -2*v - 3*i = 57. Let p = v - q. What is the tens digit of p?
2
Let q(u) = 16*u + 6. Let g = 53 + -45. What is the units digit of q(g)?
4
Let c(d) = -d**3 + 18*d**2 - 15*d - 25. Let n be c(17). Let j(k) = 2*k**2 - 6*k - 9. Let q be j(n). Suppose -6*f = -5*f - q. What is the tens digit of f?
9
Suppose 216*c = 215*c + 364. Suppose -4*d + c + 816 = -4*w, d + 4*w - 300 = 0. What is the hundreds digit of d?
2
Let f = 149 + -147. Suppose 2 = -n, f*x - 249 = x + n. What is the hundreds digit of x?
2
Let h(q) = -2*q + 7. Let w be h(-2). Suppose w*x + 43 = 197. What is the tens digit of x?
1
Let k be (-40)/((-48)/(-6)) - (-7 + -1). Suppose -k*o - 2*f = -3256, -3*f - 2057 = -3*o + 1174. What is the hundreds digit of o?
0
Let h(x) be the first derivative of 2*x**3/3 + 17*x**2/2 - 9*x + 6. Let i be h(-9). Suppose i = -7*f + 4*f + 249. What is the tens digit of f?
8
Let p(c) = 16*c**3 - 12*c**2 + 3*c + 24. Let r(v) = -31*v**3 + 23*v**2 - 8*v - 47. Let m(i) = 7*p(i) + 4*r(i). What is the hundreds digit of m(-3)?
4
Let v(k) be the first derivative of -2*k**3/3 + 13*k - 11. Let b be v(-3). What is the units digit of b/15 + 212/6?
5
Let a be (-798)/28*((-3)/1 + 7). What is the units digit of (-40)/8 - (-16)/(-4)*a?
1
Let l = -187 + 105. Let n = 190 + l. What is the tens digit of n?
0
Let m be 4 + 2 + (-277 - 9). Let g = 758 + m. What is the units digit of g?
8
Suppose 22 = 5*v + 2*a, -7 = -3*v + 3*a + 2. Suppose 364 = -5*f - 2*m, -v*m + 6*m = 6. Let w = 224 + f. What is the units digit of w?
0
Let z = -608 + 1006. Let s = z - -1. What is the units digit of s?
9
Suppose -k - 3*z - 1 = 0, 4*k - 2*z - 29 = -3*z. Suppose 3*j = j + k. Suppose -2*g + 237 = 3*d + g, 0 = -3*d + j*g + 216. What is the units digit of d?
6
Let r(i) = i**3 + 3*i**2 + 49*i - 298. What is the hundreds digit of r(38)?
7
Let g = -316 + 824. What is the tens digit of g?
0
Let a(j) = 7*j**2 + 4*j + 3. Let i be a(-1). What is the hundreds digit of i + 150 + 0 + -7?
1
What is the thousands digit of -1*8/((-104)/88751)?
6
Let o be (-387*(-11)/(-33))/(3/(-4)). Let d(b) = -b**3 + 7*b**2 - 3*b - 8. Let l be d(6). Suppose -l*y + 12*y = o. What is the tens digit of y?
8
Let b(q) be the first derivative of 73*q**2/2 - 172*q - 19. What is the hundreds digit of b(8)?
4
Suppose -6*f = -4*u - f + 32, 3*u - 3*f = 24. What is the hundreds digit of (u - 2)/(6/232)?
2
Let i(j) = -113*j - 69. Let a = -747 + 738. What is the units digit of i(a)?
8
Suppose -10*d + 97233 - 39273 = 0. What is the units digit of d?
6
Let v(f) = 6886*f**2 - 117*f - 111. What is the hundreds digit of v(-1)?
8
Suppose 7*l - 44 = 26. Let t(h) = -18 - 12*h + 11*h - l*h. What is the units digit of t(-3)?
5
Let j = -15198 - -60976. What is the hundreds digit of j?
7
Let y(l) = 250*l**2 - 20*l + 334. What is the units digit of y(5)?
4
Let d(n) = -15*n + 1309. What is the tens digit of d(27)?
0
Let o = 152 + -125. Let k(h) = h - 28. Let m be k(o). Let j(v) = -121*v**3 + 2*v**2 + 2*v. What is the units digit of j(m)?
1
Let s(m) = 36*m + 4. Let a be s(-1). Let p be (-24)/(-30) - a/10. Suppose -312 = -p*u + 5*h, 2*u - h + 45 - 201 = 0. What is the tens digit of u?
7
Let a be ((6 - 4) + -11)*1. Let n(z) = -z**3 - 5*z**2 + 14*z + 11. What is the hundreds digit of n(a)?
2
Let o be (-30)/8*(-22 - -166). Let b = -397 - o. What is the tens digit of b?
4
Suppose -s + 2*b = -1079, 2*s - 2*b - 1803 = 351. Let p = s + -420. What is the units digit of p?
5
Suppose 3*q = -n + 1227, -121*n - 1248 = -122*n + 4*q. What is the tens digit of n?
3
Suppose 134852 = 4*g - 5*s, -3*g + 28*s - 31*s = -101193. What is the tens digit of g?
2
Let z = 1325 - 3008. Let x = z + 2998. What is the thousands digit of x?
1
Let y be 48/4*(-11)/(-22). Suppose 0 = -f + 5*f + 4. What is the hundreds digit of f/y - (-8110)/60?
1
Let y(n) = 358*n**2 - 311*n - 6. What is the thousands digit of y(5)?
7
Let m = -366 + 838. Let a be ((-6)/15)/(-2*5/100). Suppose 0*z - m = -a*z. What is the hundreds digit of z?
1
Let h be 1/(-3)*0 - -1. Let k(r) = -22*r**3 + 49*r**3 + 39*r**3 + 2*r**2 + 45*r**3 + 1 + r - 5*r**2. What is the units digit of k(h)?
0
Let g(o) = 3*o - 99. Let u be g(19). What is the tens digit of ((2156/u)/((-1)/(-6)))/(-1)?
0
Let w(v) = -206*v + 1300. What is the thousands digit of w(-36)?
8
What is the hundreds digit of -314*(0 + -7 - -1)?
8
Suppose 9*f = -68*f + 4936547. What is the thousands digit of f?
4
Let b(c) = c**2 + 12*c + 32. Let k be 260/39*12/(-10). Let g be b(k). Suppose g*z - 36 = -4*z. What is the units digit of z?
9
Let c be 2/4*(-7)/(-14)*4. Suppose 9*s = 1 - c. Suppose -5*u + 67 + 318 = s. What is the units digit of u?
7
Let c = -41 - -2. Let v be c - 0/((-1)/((-4)/8)). What is the tens digit of ((-2)/((-6)/v))/(-6 - -5)?
1
Let o(i) = 2*i**3 + 2*i**2 - 7*i + 7. Let d = 38 + -32. Suppose -q = y - d, 3*q - y = -2 + 4. What is the units digit of o(q)?
7
Suppose 0 = -4*c - 2*v + 32, -2*c + v = -2*v. Let w(f) = 21*f - 15. Let y be w(c). What is the units digit of (y/(-6))/((-4)/8)?
7
Let h = 92120 - 53292. What is the thousands digit of h?
8
Let s = 1623 + -3300. Let g be s/(-26)*((-278)/(-3) + -2). What is the tens digit of 5/(200/g) + 2/(-10)?
4
What is the thousands digit of ((-175170)/60)/((-2)/4)?
5
Suppose -23*f - 8*f + 1543350 = 19*f. What is the units digit of f?
7
Let w(m) = 70*